7
What is the value of -6 + (3 - -1) + 1 + 13?
12
What is the value of (29 - 12 - 4) + -5 - -2?
10
What is the value of -20 + -38 + 35 - -16?
-7
(5 - (18 + -2)) + 13
2
What is the value of (0 - ((0 - 5) + 2)) + (-19 - -8)?
-8
What is the value of 8 - ((-10 - 1 - -4) + 14)?
1
Calculate 58 - 42 - (12 + -1) - (-3 + 16).
-8
4 + -21 + (29 - 8)
4
11 + (3 - -6 - -21) + -14
27
4 + (-11 + (10 - 0) + -2 - 4)
-3
9 + 6 + -12 - (-1 - (1 - 1))
4
Calculate -59 + 49 + 1 + 0 - (-5 - -7).
-11
Calculate -19 - -17 - (16 + (8 - 7)).
-19
What is the value of (70 - (126 + -48)) + 1 + (15 - 2)?
6
Calculate (-6 - (-20 - -18)) + 17.
13
Calculate 1 + 9 + -76 + 76 + -14.
-4
-1 - 0 - 9 - -3
-7
Evaluate -5 - -7 - ((4 - 24) + 8) - -7.
21
Calculate 1447 - 1451 - (0 + -8 - -1).
3
What is the value of 1 - 7 - (9 + -5 + -3 + -20)?
13
-37 + (7 - -17) - (6 + -3)
-16
What is the value of -5 + (56 - 62) + (1 - -33) + 2?
25
What is 7 + (-47 + 25 - 3)?
-18
What is the value of 33 + -33 + 21 + -5 + 7?
23
Calculate 0 + -2 + (0 + 1 + -9 - -3).
-7
Evaluate (-42 - -2) + -4 + (-3 - (-21 - -5)).
-31
What is the value of -3 - -6 - (4 - -10) - (-303 - -269)?
23
What is the value of (-14 - (27 + -13)) + 12?
-16
Calculate 4 + (-8 - -5 - 6) - 9.
-14
What is -14 + -5 - (3 + -3 + -6) - -6?
-7
Evaluate -17 + (-8 - -4 - -7) + (-9 - -4).
-19
What is (-17 - -9) + 33 + -18?
7
What is 3 + 1 + -19 + 14 + (10 - 0)?
9
Evaluate (15 - (29 + -20)) + (-1 - -1) + 0.
6
30 - (15 + (1 - -9) + -11)
16
Calculate (-2 - 6 - 1) + -9 + 16 + -4.
-6
Evaluate -6 + (-2 + 21 - (-12 + 8)).
17
What is the value of 1 + -11 + (-4 - 8) + -6 + 27?
-1
What is 5 + -28 + -6 + 0 + -1 + 5?
-25
What is (-11 + 12 - 6) + -3 + 1 + -8?
-15
What is the value of (-30 - -4) + 5 + -2 + 4 + -5?
-24
Calculate -43 - (-18 + (-12 - -7)).
-20
What is the value of (31 - (39 + -38)) + -50?
-20
Calculate -6 + 8 + -10 + 17.
9
Calculate (4 - (7 - 10)) + -5 + 0.
2
2 + (22 - 11) - (3 + -6 - 1)
17
Calculate 13 + -17 - -9 - (11 - 4).
-2
5 + 0 - (-14 + -3 + (30 - 13))
5
Calculate -10 + 12 - ((0 - (6 + -11)) + 2).
-5
-19 + 2 + 1 - (-75 + (-3 - -66))
-4
Calculate 11 - (3 + (-5 - -3)) - (-15 + 52).
-27
Evaluate 0 + -1 - (88 + -81).
-8
What is (-1005 - -1024) + (-26 - 1)?
-8
What is the value of 5 - (7 + -8 - (0 + -6)) - 5?
-5
Calculate (-4 + 0 - -1) + 366 + -372 + -13.
-22
What is -8 - (-357 + 351 - (15 + 1))?
14
What is 5 + -22 + 26 - 1?
8
What is -9 + 29 + -49 - -49?
20
Calculate (-3 - 3) + 8 + 1 - 18 - -3.
-12
Evaluate 2 + (2 - 6) - (18 - 0).
-20
What is -19 + 22 + -17 + 2?
-12
-3 - (5 + -7 + 5)
-6
Evaluate -12 + (-3 - -3) + 3 + 33.
24
Calculate 9 - -1 - 25 - (-2 - 1).
-12
Calculate -31 + 65 + -48 - (-1 - -1 - 3).
-11
Evaluate -6 + (-1 - 11) + 4 + 3.
-11
Calculate -1 + -3 + 7 + (5 - 13).
-5
Calculate (-19 - (-9 - -1)) + 19.
8
Evaluate 162 + -165 - (2 + (-1 - -1) + 2).
-7
Calculate 6 + (-13 + 12 + (-2 - 6) - -18).
15
What is 5 - 6 - (-2 + -15 + 8)?
8
What is the value of 61 - 70 - (-15 - 1) - (0 - -1)?
6
Evaluate 4 + -11 + 12 + -5 + 15.
15
11 + -1 - (54 + -5 - 35)
-4
Evaluate 19 + 24 + -10 + -51.
-18
What is the value of 45 + -92 + 3 - -54?
10
19 + -19 - (10 + -12) - (0 + 23)
-21
What is the value of -51 - (42 + (-34 - 30))?
-29
What is the value of -45 - 2 - 0 - -24?
-23
What is the value of -3 - -86 - 42 - 7?
34
22 + (-12 - 4) + -3
3
What is -13 - (-5 + 6 + (-1 - 15))?
2
Evaluate -52 + (58 - -24) + 4 + 0.
34
-15 + 21 + 16 - 9
13
(29 - (52 + -24)) + -13 - (0 + 1)
-13
(0 - 13) + (76 - 47)
16
Evaluate -12 - ((4 - -7) + -22) - (10 - 0).
-11
5 + -8 + (15 - 9) + 17
20
What is 3 - 6 - 7 - -2 - (-64 - -56)?
0
What is -25 - (-8 + (0 - 2)) - (10 + -21)?
-4
Evaluate (-5 - (-9 + 11)) + (-2 - (-2 - 19)).
12
8 + 174 + -174 + (-13 - 0)
-5
25 - 43 - (1 + -20)
1
What is the value of -13 + -47 + 29 + 19?
-12
(2606 - 2572) + -10 + 2 + 0
26
Calculate (1 + 4 - (-20 + 39 + -10)) + -16.
-20
-2 - ((-4 - (-13 - 1)) + -2)
-10
What is the value of (-10 + 6 + -6 - -11) + -7 + -3?
-9
6 - -29 - 2 - (3 - -6) - 8
16
What is (1 - 6 - 1) + (76 - -8) + -73?
5
What is the value of -11 + 0 - -8 - -3 - -11?
11
Calculate (-2 - (-1 - (-6 + 3))) + (-6 - -23).
13
Evaluate 15 + 1 - (377 + -359).
-2
Calculate -2 + -15 + (-6 - 13 - -12) + 10.
-14
16 - -1 - (40 - -82 - 84)
-21
Evaluate 23 + -20 + (6 - -3).
12
What is (-18 - (1 + 1) - -1) + 6?
-13
What is 0 - (7 + (-9 - -3)) - (-2 - 5)?
6
Evaluate (2 - (-7 - -8) - 0 - -1) + -14.
-12
Calculate (-2 - 3) + (17 + -3 - 11).
-2
What is (-22 - (-21 - (-7 - 14))) + (-6 - -1)?
-27
2 - (1 + -3 + -2)
6
Evaluate -11 + 2 + (5 - -8).
4
Calculate 28 + -48 + (-27 - -31).
-16
-15 - (40 - (-30 - -56))
-29
What is the value of (2 - 10) + (-8 + 38 - 39)?
-17
What is the value of 10 + -1 + -16 + 1?
-6
7 - -1 - ((-1 - -5) + 64 + -65)
5
What is the value of -9 + -10 + 29 + -8 - 14?
-12
(3 - (4 - 0)) + (-3 + 7 - 2)
1
What is 13 + -17 + (64 - 42)?
18
Evaluate 18 - ((27 - 6 - 6) + (11 - 17)).
9
Evaluate (-3 - -2) + -2 - (-8 - -34 - 36).
7
(-1 - -7) + 6 + (12 - 25) + 5
4
-1 - -4 - 2 - (20 + 2 - -5)
-26
What is -17 + 2 + -5 - -29?
9
What is the value of -11 + (4 - -7) + -3 + (-2 - 2)?
-7
What is -6 - -10 - 5 - (-4 - -6 - 12)?
9
0 - (2 - (-2 + 2 + 2 + -7))
-7
Calculate 0 - (10 + -6 + -11 - (-6 - -9)).
10
Evaluate 16 - 1 - (-3 + 3) - (-384 - -395).
4
-1 + 7 + (-16 - -14) + -7 + -1
-4
Calculate 38 + -6 + -2 - -1.
31
Calculate 1 - 1 - (20 - (53 - 26)).
7
16 - (16 + 12) - -7
-5
Calculate (24 - (9 + 5 - 7)) + (-9 - -5).
13
What is the value of -11 - ((0 - -29) + -2 + -2 + -2)?
-34
60 + -85 - (-9 - (2 - 3))
-17
Evaluate (29 - -21 - 32) + -35.
-17
Evaluate 4 + (-1 - (7 - 5)) + -5 + -11.
-15
What is 3 + (12 + -8 - 6) - 7?
-6
What is 13 - (14 + 17 + -19)?
1
15 + 8 + -65 + 15
-27
What is -10416 + 10418 + (-1 + 3 + -1 - 5)?
-2
What is the value of -1 - -5 - (-242 - -234)?
12
Evaluate 4 + (-20 - -10 - 4) - (11 - -5).
-26
5 + (4 - ((7 - 9) + (-3 - -5)))
9
Evaluate -11 + 1 + (1310 - 1334).
-34
Evaluate (-7 - 0) + 0 + (266 - 256).
3
6 - ((15 - -4 - 10) + 27)
-30
What is the value of (18 - (6 - (18 + -12))) + -11?
7
What is (1 + 3 - -7) + (-94 - -101)?
18
What is the value of -1 + 10 - (12 + -27 + 0)?
24
Calculate -2 + 3 + -25 - (-52 + 51).
-23
What is the value of 6 + -10 + -2 - (2 - 2 - 4)?
-2
Calculate (-15 - (3 - -5)) + -5 + 11.
-17
What is the value of -2 + 4 + -12 + 16 + (1 - 18)?
-11
What is 2 - (10 + -17 + 6) - 9?
-6
What is (-2 - 2) + 0 - (-2 - 6)?
4
Calculate 7 + (2 - (7 - -8 - 3)) - -3.
0
What is 15 + 12 + -7 + 4?
24
15 + -2 + (5 + (3 - 7) - 7)
7
Evaluate 23 + (1 - (6 + 4 + -2)) + -2.
14
Calculate -3 - 9 - (36 - 46).
-2
What is the value of 13 + (41 - 10 - 18)?
26
Evaluate 341 + -349 + (2 - (-2 - -19)).
-23
Evaluate 7 + 5 - (1 + 2) - (40 - 51).
20
What is -18 - -20 - -13 - 17?
-2
What is 13 - 10 - (2 + 6) - 5?
-10
Calculate (24 - 13) + 15 + -15 - 6.
5
What is 3 - (2 - (-1 - -2)) - 8 - -17?
11
Evaluate 5 + -6 + 27 + -25.
1
Calculate 7 + (-3 - 0) - -2 - (330 - 359).
35
Evaluate (-3 + -4 - -12) + -6.
-1
What is -6 + (0 - -8 - (-65 - -79))?
-12
Calculate 4 + -1 + -3 + 5 + -1 + 8.
12
What is the value of 1 + (9 - (2 - (-4 - 0)) - 0)?
4
Evaluate -2 + -64 - -77 - (0 - 7).
18
Evaluate (-16 - -10) + -4 + (10 - 23).
-23
What is the value of 3 + (6 - (-1 + 0 - -7))?
3
What is the value of (14 - 9) + 5 + -13 + -6?
-9
Calculate -2061 - -2101 - (0 - -11).
29
What is (10 - ((-2 - (-1 - 8)) + -6)) + 3?
12
-7 - -33 - 39 - (-2 + 21)
-32
What is 8 - ((4 - (-3 + 2)) + -6)?
9
Evaluate 24 + -10 + 16 + -9 + -6 + -1.
14
3 - (-2 + 2) - -1 - (34 + -31)
1
Calculate (-9 - 4) + (6 - (7 + -5 - -1)).
-10
What is the value of 0 - -16 - (-69 - -81)?
4
Evaluate 16 + 20 - (34 - 12).
14
Evaluate 119 - 115 - ((4 - (-11 + 3)) + -3).
-5
What is the value of (8 - (7 + -1)) + 3?
5
3 + 6 - (-7 - -7 - 0)
9
0 + -9 + 34 + (4 - (-19 - -36))
12
What is the value of -1 - 10 - (10 + -6)?
-15
Calculate -7 - -12 - -6 - 23.
-12
Calculate -12 + -38 + 16 + (-10 - -3).
-41
Calculate (-79 - -72) + (38 - (-2 - -4)).
29
What is the value of (-34 - -34 - -20) + 1?
21
What is -6 + -3 - (2 - (-34 + 22))?
-23
What is the value of (7 + 0 - 1) + (7 - (-6 + 3))?
16
-21 - (-4 + 24 + -30)
-11
Evaluate -14 - (-25 - -6) - 10.
-5
Evaluate 5 + 0 + -14 + 15 + -15.
-9
Evaluate (-13 - -7) + 13 + (5 - 8).
4
What is the value of 1 - (-4 - (3 + -7 + -20))?
-1